{"id":15,"date":"2016-05-17T14:53:23","date_gmt":"2016-05-17T11:53:23","guid":{"rendered":"https:\/\/sisulabor.ee\/?page_id=15"},"modified":"2018-03-10T23:17:47","modified_gmt":"2018-03-10T21:17:47","slug":"sisuturundus","status":"publish","type":"page","link":"https:\/\/sisulabor.ee\/?page_id=15","title":{"rendered":"Sisuturundus"},"content":{"rendered":"<p>Tahad n\u00e4ha, mida sotsiaalmeedia ja internet koost\u00f6\u00f6s loomingulise m\u00f5tlemise, osava s\u00f5naseadmise ja l\u00f6\u00f6va turundusliku l\u00e4henemisega teha v\u00f5ib?<\/p>\n<p>N\u00e4iteid tehtud t\u00f6\u00f6dest:<\/p>\n<ul>\n<li>AS Ajakirjade Kirjastus: sisuturunduslike artiklite seeria tutvustamaks 12 Eesti ettev\u00f5tet seoses Creditinfo Eesti AS-ga (2017).<\/li>\n<li>Aller Media OY: sisuturunduslike artiklite seeria hulgast Eesti ettev\u00f5tetest avaldamiseks ja turundamiseks Soomes (2016).<\/li>\n<li>MT\u00dc E-sigareti m\u00fc\u00fcjate ja kasutajate liit: koostatud k\u00fcmneid pressiteateid ja artikleid, aidatud meediasuhtluses\u00a0ja\u00a0tehtud meediaplaan (2016-2017).<\/li>\n<\/ul>\n","protected":false},"excerpt":{"rendered":"<p>Tahad n\u00e4ha, mida sotsiaalmeedia ja internet koost\u00f6\u00f6s loomingulise m\u00f5tlemise, osava s\u00f5naseadmise ja l\u00f6\u00f6va turundusliku l\u00e4henemisega teha v\u00f5ib? N\u00e4iteid tehtud t\u00f6\u00f6dest: AS Ajakirjade Kirjastus: sisuturunduslike artiklite [&hellip;]<\/p>\n","protected":false},"author":1,"featured_media":0,"parent":0,"menu_order":0,"comment_status":"closed","ping_status":"closed","template":"","meta":{"footnotes":""},"class_list":["post-15","page","type-page","status-publish","hentry"],"jetpack_sharing_enabled":true,"_links":{"self":[{"href":"https:\/\/sisulabor.ee\/index.php?rest_route=\/wp\/v2\/pages\/15","targetHints":{"allow":["GET"]}}],"collection":[{"href":"https:\/\/sisulabor.ee\/index.php?rest_route=\/wp\/v2\/pages"}],"about":[{"href":"https:\/\/sisulabor.ee\/index.php?rest_route=\/wp\/v2\/types\/page"}],"author":[{"embeddable":true,"href":"https:\/\/sisulabor.ee\/index.php?rest_route=\/wp\/v2\/users\/1"}],"replies":[{"embeddable":true,"href":"https:\/\/sisulabor.ee\/index.php?rest_route=%2Fwp%2Fv2%2Fcomments&post=15"}],"version-history":[{"count":5,"href":"https:\/\/sisulabor.ee\/index.php?rest_route=\/wp\/v2\/pages\/15\/revisions"}],"predecessor-version":[{"id":412,"href":"https:\/\/sisulabor.ee\/index.php?rest_route=\/wp\/v2\/pages\/15\/revisions\/412"}],"wp:attachment":[{"href":"https:\/\/sisulabor.ee\/index.php?rest_route=%2Fwp%2Fv2%2Fmedia&parent=15"}],"curies":[{"name":"wp","href":"https:\/\/api.w.org\/{rel}","templated":true}]}}